. Suppose 0 = -4*w - 4*k + 124, -2*w + n*k + 39 = -16. What is the highest common factor of 10 and w?
10
Suppose d - 2*d = -15. Calculate the greatest common factor of 105 and d.
15
Let s = 65 + -29. Suppose 4*c - 70 = 2*v, -3*c - 4*v + s - 11 = 0. Let j be (-1 + 7)/((-2)/(-5)). What is the greatest common factor of c and j?
15
Suppose 2*z + 3 = 29. What is the highest common divisor of 13 and z?
13
Let p(j) = j**2 + 11*j + 30. Let w be p(-10). What is the greatest common divisor of 220 and w?
20
Let b = 30 - 6. Suppose b = 4*f - 4*x, 3*x = -4*f + 5*x + 16. Suppose -f*v + 144 = -0*v. What is the greatest common factor of v and 9?
9
Let d(f) = f**2 + f + 129. Let h be d(0). Suppose 2*n - 5*w = -2*w + 51, 4*n + 3*w = h. Calculate the highest common factor of 6 and n.
6
Suppose 8*t = 4*t + 36. Let l be t/(-6)*(-8)/6. Suppose l*b + b = 243. What is the greatest common factor of 9 and b?
9
Let t = 968 - 407. Let r be 2/7 - t/(-21). Suppose 4*x - 13 = -3*m, 0*m - 5*x = m - 8. What is the greatest common factor of m and r?
3
Suppose -c - 1 = 4. Let o be (-2)/c - 2912/(-70). What is the greatest common factor of 14 and o?
14
Suppose -4*g - 3*r = -121, 0*g + 4*g + r = 115. Suppose 19 = 4*t - 261. What is the highest common divisor of t and g?
14
Let c be 1/4 + 357/28. What is the greatest common factor of c and 143?
13
Suppose -6*j = -10*j + 952. Calculate the highest common factor of 34 and j.
34
Let l = -6 - -4. Let b be 182/49 + l/(-7). Suppose k = -5*c - 3*k + 120, c = k + 15. Calculate the greatest common factor of b and c.
4
Let w = -6 + 2. Let x = 2 + w. Let r be (2 - (2 - x)) + 7. What is the greatest common divisor of r and 55?
5
Suppose -19 = -2*a + 91. What is the greatest common divisor of a and 22?
11
Suppose 0*h + 2*h + 6 = 0, 0 = 4*t + 4*h - 204. Calculate the greatest common factor of t and 36.
18
Suppose -5*z + z + 260 = 0. Suppose 0 = 3*s + 2*s - 130. What is the highest common divisor of z and s?
13
Suppose 0*c - 88 = -c. Let b = 138 - c. Calculate the greatest common factor of b and 10.
10
Let s = 100 + -30. Suppose 4*x - 2*z = 370, 2*x - 121 - s = 3*z. Suppose 3*a - b = -3*b + 41, -3*a - 3*b = -42. What is the highest common divisor of a and x?
13
Suppose 0 = 2*i + 3*i + 150. Let b = -21 - i. Let z be ((-12)/48 - (-18)/8) + 34. Calculate the greatest common divisor of b and z.
9
Let a(p) = p**3 - 5*p**2 + 6*p + 4. Let f be a(6). Let w = f - 52. What is the greatest common factor of 6 and w?
6
Let f = 157 + -67. Let j(c) = c**2 + 3*c. Let t be j(-5). What is the highest common factor of t and f?
10
Suppose 4*q - q - 72 = 0. What is the greatest common factor of 6 and q?
6
Let n be (-2)/(-8) + (-321)/(-12). Suppose 0 = 2*x - 2*i - 274, 2*x - 415 = -x + 5*i. Calculate the greatest common factor of n and x.
27
Suppose -22 = -3*t + 44. What is the greatest common factor of t and 121?
11
Let w be ((-6)/(-4))/((-1)/(-4)). Suppose 0 = p + 5, -2*x + 2*p - 38 = -w*x. Let v = 8 + 10. What is the highest common divisor of v and x?
6
Let b(j) = j + 4. Let m be b(6). Suppose -k + 22 = -3. What is the greatest common divisor of k and m?
5
Suppose 6*o - 7*o = 5*r - 65, 5*r - 5*o - 35 = 0. Calculate the highest common factor of 24 and r.
12
Let p be 20/(-15) + 710/15. What is the greatest common factor of p and 23?
23
Let t = 21 - -9. What is the highest common factor of t and 30?
30
Suppose 0 = -5*t - 0*t + u - 15, 3*u + 3 = -t. Let n be 1*(-3 + -159)/t. What is the highest common divisor of 6 and n?
6
Let l(w) = -w**2 - w + 1. Let m be l(7). Let d(j) = -2*j**2 + 2*j - 7. Let n be d(-6). Let f = m - n. Calculate the highest common factor of 4 and f.
4
Let c(w) = 5*w - 1. Let n be c(1). Let h(r) = r**2 + 3*r**2 + 0*r**3 - 3*r + r**3. Let m be h(-4). What is the highest common factor of m and n?
4
Let l(j) = j**2 + 4*j - 2. Let v = 9 - 14. Let r be l(v). Suppose -88 = -5*n + r*w, -3*w - 3 = -15. Calculate the greatest common divisor of 10 and n.
10
Let o(t) = -t**2 - 6*t. Let g be o(-5). Suppose g*q = 6*q - 112. What is the highest common factor of q and 16?
16
Suppose 4*u + 7*s - 2*s - 35 = 0, 0 = -3*s - 3. Calculate the highest common divisor of u and 170.
10
Let q(x) = x**3 + 7*x**2 - 2*x - 8. Let i be q(-7). Calculate the greatest common factor of i and 42.
6
Let c(p) = -4*p + 6. Let z be c(5). Let g be 42/5 - z/(-35). Let y be (6 + -2)*26/g. What is the greatest common factor of 39 and y?
13
Let i = -403 - -404. Suppose -3*t + 3*k + 36 = 0, -37 = -3*t + 4*k - 0*k. Let u = t - 6. What is the highest common factor of u and i?
1
Let z = -1 + 2. Suppose -z - 10 = -r. Calculate the greatest common divisor of 88 and r.
11
Let y = -24 - -14. Let x be y/4*264/(-20). Let d = 16 - 5. Calculate the highest common factor of d and x.
11
Let r = 0 + 2. Let f be 14*(r + 4/7). Let t be (-2)/3 - (-328)/6. Calculate the greatest common factor of f and t.
18
Suppose -3*l - 3*q + 90 = 0, -5*l + 0*q = -5*q - 120. Calculate the greatest common factor of 3 and l.
3
Suppose -14 + 80 = 6*m. What is the highest common factor of m and 1?
1
Let t(n) be the third derivative of 0 + n**2 - 1/2*n**3 + 0*n + 1/8*n**4. Let j be t(4). Calculate the highest common divisor of 1 and j.
1
Let k = 10 + 3. Suppose k = 4*r + 1. Calculate the highest common factor of r and 12.
3
Let v be (2*293)/(-2)*-1. Suppose 0 = -2*x - 2*x + c + v, x - 77 = c. Calculate the greatest common divisor of x and 8.
8
Let r be (0 + 15)/(3/(-2)). Let t = r + 25. Calculate the highest common divisor of 5 and t.
5
Suppose 0 = -5*y + 5*a + 44 + 31, 0 = 3*a + 9. Suppose -2*t + y = -0*t. What is the greatest common divisor of 54 and t?
6
Suppose 2*b = 95 - 25. Let z(n) = 3*n - 2. Let p be z(2). Suppose p*c - 10 = 10. Calculate the greatest common factor of b and c.
5
Let d = -6 + 11. Suppose f + 33 = 3*f - 5*m, 0 = -d*m - 25. Let t be 70/f - (-4)/8. Calculate the greatest common factor of 9 and t.
9
Suppose 53 = 2*h - 17. What is the highest common factor of h and 14?
7
Suppose -3*x + 4*a + 82 = 22, 4*x = -3*a + 80. Let o = 23 - x. Calculate the highest common divisor of o and 27.
3
Let s(c) = -c**3 + 7*c**2 + 3*c - 5. Let u = -5 + 12. Let g be s(u). Let w(o) = o**2 - o + 16. Let h be w(0). Calculate the highest common divisor of h and g.
16
Let b(a) be the second derivative of a**5/10 - 2*a**4/3 + 2*a**3/3 - 3*a**2/2 - 4*a. Let t be b(6). Calculate the highest common factor of 15 and t.
15
Suppose 116 = -4*u + 624. Let l = u + -71. Let c(i) = i**2 + 8. Let g be c(0). What is the greatest common factor of l and g?
8
Let u = 348 + -238. Suppose -f = -6*f. Suppose f = 4*n + 3*c - 44, 7 - 62 = -5*n - 4*c. Calculate the highest common factor of n and u.
11
Suppose -900 = 3*d - 8*d. Calculate the greatest common divisor of 20 and d.
20
Suppose 5*y - 20 - 13 = -4*a, 2*a = 3*y + 11. What is the highest common divisor of 14 and a?
7
Suppose -3*n = a + 10, -5*a + 3*n - n = -18. What is the greatest common factor of 3 and a?
1
Let r = 11 - 19. Let f be (20/r*2)/(-1). Calculate the greatest common factor of f and 2.
1
Suppose 0 = -2*m - 5*u + 35, -3*m + 96 = 2*m + 4*u. What is the greatest common divisor of m and 5?
5
Let z(p) = 10*p - 2. Suppose 2*d - r = -2*r + 12, 5*d + r - 24 = 0. Let v be z(d). Calculate the highest common divisor of v and 95.
19
Suppose -h + 0*h = -5*l + 325, 0 = h + 5. What is the highest common divisor of 80 and l?
16
Suppose -4*k - 4 + 96 = -4*u, -u = k - 21. Let z = 162 - 129. What is the highest common divisor of z and k?
11
Let l = 2 + 7. Suppose 204 = 3*c + 3*r, 0*c - 4*r = 3*c - 209. What is the highest common divisor of c and l?
9
Suppose -3*d + 3 = 0, 2*o + 4*d - 11 = o. Suppose 2*i = -p + 9, -2*i + 4 = -p - 3*p. Let v be (p/(-3))/(1/(-21)). What is the highest common divisor of o and v?
7
Let y = -36 - -80. Let d = -20 - -11. Let h be (-2)/d - 97/(-9). Calculate the highest common factor of y and h.
11
Suppose -4*h - 3 = -5*h. Suppose 3*n = -h*n + 102. What is the greatest common factor of 85 and n?
17
Let f(m) = -m**2 + 3*m + 1. Let g be f(2). Suppose 4*o = -132 + 144. What is the highest common factor of g and o?
3
Let c(o) = 0*o**3 + 2*o**3 + o**3 - 2 - 2*o**3 + o. Let r be c(2). Calculate the highest common divisor of 2 and r.
2
Let a be (5/(-6))/(7/(-42)). What is the greatest co